p/1 is divided by 2?
1
Suppose 0 = 2*i - 6*i + 188. Calculate the remainder when i is divided by 26.
21
Let k be (1 + 9)/((-1)/(-6)). Suppose 4*c - 4*u - k = 0, -5*c - 2*u + 81 = -u. What is the remainder when 47 is divided by c?
15
Let s = -5 + 9. Let d(y) = 3*y**2 - 2*y - 1. Let i be d(-1). Calculate the remainder when (-2)/i + 254/s is divided by 16.
15
Let v(g) = -16*g**3 - g**2. Calculate the remainder when 29 is divided by v(-1).
14
Suppose q - 36 = -k - 4*k, -72 = -4*q + 4*k. Calculate the remainder when q is divided by 12.
9
Let g be (-24)/(-5) + (-28)/35. Suppose j = -j + g. What is the remainder when 6 is divided by j?
0
Let y = 2 - -11. Let t be (4/(-6))/((-6)/(-9)). Let d = 4 - t. Calculate the remainder when y is divided by d.
3
Let y = 11 - -14. What is the remainder when 47 is divided by y?
22
Suppose -4*n + 74 = -26. Calculate the remainder when 98 is divided by n.
23
Let k be 14/4*(-12)/(-21). Suppose -d + 12 = k*d. Suppose p - d*p + 63 = 0. What is the remainder when p is divided by 11?
10
Let c = -36 + 54. Let u(k) = -4*k**3 + k**2 - k + 1. Let a be u(1). Let b = 13 + a. What is the remainder when c is divided by b?
8
Let h be 0 + 4 + (-2 - 0). Suppose 0*t - 28 = -h*t. Suppose 3*g - t = g. Calculate the remainder when 20 is divided by g.
6
Let h be 123/4 - (-1)/4. Suppose 9 = -2*j + h. Suppose 3*k - 53 = 7. What is the remainder when k is divided by j?
9
Suppose -3*u + 3*x + 3 = 0, 4*u + 2 = 3*x + 7. Let t(a) = a - 3. Calculate the remainder when t(10) is divided by u.
1
Let i be (13/2)/(1/24). Let y = 8 - 11. What is the remainder when y/2*i/(-9) is divided by 14?
12
Let u(o) = -o**2 + 16*o - 2. Calculate the remainder when u(7) is divided by 11.
6
Let a = 125 - 103. What is the remainder when a is divided by 6?
4
Suppose 2*c - 2*s - 10 = -0, -3*c = 3*s - 27. Suppose -c*b - 15 = -6*b. Calculate the remainder when 31 is divided by 8/(-20) + (-171)/b.
9
Let n be 0*(3/(-6) - -1). Suppose n = -a + 28 + 10. Let b = -17 + 30. What is the remainder when a is divided by b?
12
Let i(m) = 2*m**2 + m - 2. Let u be i(-2). Let w = u + 9. What is the remainder when 50 is divided by w?
11
Let d(j) = -2*j - 6. Let l be (-5)/(-3) - (-2)/6. Let t be (-2)/((-3)/(-12)*l). Calculate the remainder when 2 is divided by d(t).
0
What is the remainder when 6 is divided by 2 - -1*(-3)/(-3)?
0
Let j(b) = -b**2 - 6. Let o be j(-6). What is the remainder when 27 is divided by 1/((-3)/o - 0)?
13
Suppose -3*r + 48 = -24. Calculate the remainder when r is divided by 7.
3
Let i = -9 + 25. Suppose -5*f = 2*v - 388, 293 = 4*v - 3*f - 431. Suppose 0 = -2*s, 0 = -4*h + s + 2*s + v. Calculate the remainder when h is divided by i.
14
Let l = 96 - 40. Let i = 114 - l. Calculate the remainder when i is divided by 15.
13
Let z(m) = 3*m**3 - 7*m**2 - 4*m - 2. Calculate the remainder when z(4) is divided by 16.
14
Let l be ((-10)/6)/((-2)/(-30)). Suppose -5*r + 2*r = -33. Calculate the remainder when 10/l - (-107)/5 is divided by r.
10
Let x(w) = w**2 - w + 7. What is the remainder when x(0) is divided by 2 - 3/(-2 + -1)?
1
Suppose -5 = 3*o + 1. What is the remainder when 9 is divided by 3/((-3)/o) - -2?
1
Suppose 3 = 2*a - 27. Calculate the remainder when a is divided by 644/168 + 2/12.
3
Suppose 2*p = 4*p - 34. Let q(f) = -2*f**2 - 5*f. Let x(k) = 5*k**2 + 15*k - 1. Let l(v) = -8*q(v) - 3*x(v). Calculate the remainder when p is divided by l(6).
8
Suppose z + z = -2*w + 14, -w - 28 = -4*z. Suppose -z*x + 3*x = -20. Calculate the remainder when 13 is divided by x.
3
Let r(c) = -5*c - 6. What is the remainder when 43 is divided by r(-3)?
7
Let n = 11 - 9. Suppose -n*l = -6*l + 184. Suppose -4*z - z + 80 = 0. What is the remainder when l is divided by z?
14
Suppose 3*h = t + 1, 0*h - t + 13 = 4*h. Suppose 5*v - h*v = 9. Suppose -5*o = -5*f - 45, 0 = o - v*f - 5 - 2. What is the remainder when 18 is divided by o?
8
Let y(f) = -32*f + 1. Let z = 9 + -10. Calculate the remainder when y(z) is divided by 9.
6
Suppose -2*g + 77 = 3*o, 5*o + 6*g - 3*g = 130. Calculate the remainder when o is divided by 10.
9
Let o(i) = 16*i**2 - 2*i - 1. Suppose t - k + 2 = 5, 3*t - 4*k - 7 = 0. What is the remainder when o(-1) is divided by t?
2
Let w(h) = 7*h**3 + h**2. Let f(a) = a**2 - 5*a - 5. What is the remainder when f(-4) is divided by w(1)?
7
Let h(f) = -2*f**3 + 4*f**2 + 4. Let g be h(3). Let c = -3 - g. Suppose 0 = -3*i - 2*i + 30. What is the remainder when c is divided by i?
5
Calculate the remainder when 51 is divided by -3 + (-1)/((-4)/116).
25
Suppose -4*s + 5*s = 26. Calculate the remainder when s is divided by 7.
5
Suppose -4*j + 2 = -6. Suppose -s + 0 = -2. Suppose -s*t + 28 = j*t. Calculate the remainder when t is divided by 3.
1
Suppose f = 6*f - 15. Let p(m) = 11*m**2 - 2*m + 3. Let h be p(3). Suppose -f*x + h + 69 = 0. Calculate the remainder when x is divided by 14.
13
Let n(q) = q**3 + 3*q**2 + 1. Let v be n(-3). Let s(r) = 14*r**3 + 2*r**2 - r. What is the remainder when 44 is divided by s(v)?
14
Let d be (-8)/6*15/(-10). Let c(i) = 4 - i + i**d - i + 2*i + 4*i. What is the remainder when c(-7) is divided by 14?
11
Let f be 1/3 - 1850/6. Calculate the remainder when 17 is divided by f/(-35) + 1/5.
8
Let x(b) = 8*b + 2. Let z be x(2). Let u = -1 + z. Calculate the remainder when u is divided by 9.
8
Suppose 3*f = -s + 223, 6*f - 3*f = 5*s + 235. Calculate the remainder when f is divided by 22.
9
Suppose -t - 14 = -17. Let u = -2 + 4. What is the remainder when t is divided by u?
1
Let n(c) = c**2 - 10*c. Let z be n(10). Let g(t) = -t + 64. Let a be g(z). Suppose a = 2*k - 0*k. Calculate the remainder when k is divided by 11.
10
Let s = 16 + -2. What is the remainder when s is divided by 9?
5
Suppose 2*g + 2*j = 2, -5*g + 5*j = -2 - 13. Suppose 0 = 3*l + 2*h - 17, 3*l - h + g*h = 16. What is the remainder when l is divided by 2?
1
Let q = -4 - -4. Suppose q*z = 3*z + y - 14, -26 = -5*z - 3*y. Calculate the remainder when 13 is divided by z.
1
Let r = -11 - -9. What is the remainder when 70/15*(-3)/r is divided by 3?
1
Let m = -1 + 8. Let x = m + 2. Calculate the remainder when 144/(-28)*14/(-3) is divided by x.
6
Suppose -3*o + 0*o = 3*l + 42, 4*o + 2*l = -46. Let p(c) = -c + 10. Calculate the remainder when p(o) is divided by 7.
5
Suppose 2*b + 5*f - 4*f = 23, -4*f + 4 = 0. What is the remainder when 42 is divided by b?
9
Let x(r) = 9*r**2 + 3*r + 1. Let i be x(-4). Suppose -2*c + 29 = i. Let n = -33 - c. Calculate the remainder when 56 is divided by n.
18
Let b(u) = -u**2 - 5*u - 6. Let h be b(-6). Let v = -9 - h. What is the remainder when 7 is divided by v?
1
Let g(n) = -n - 228. Let q be g(0). Let c be 4/10 + q/(-30). Calculate the remainder when 78 is divided by c/6*30/2.
18
Suppose -n = -5*c + 180, -4*c = n - 0*n - 144. What is the remainder when 141 is divided by c?
33
Suppose 10 = 3*w - 4*s, 0 = -3*w - s + 5. Suppose -3*n + 4*n - w = 0. Let q = n - -3. Calculate the remainder when 9 is divided by q.
4
Let b(i) = i - 2. Let w(z) = -2*z + 3. Let k(g) = -3*b(g) - 4*w(g). Calculate the remainder when k(5) is divided by 8 + 2 + -1 - -1.
9
Suppose -2*b - 5*h + 30 = 0, 45 = 3*b - h - 0*h. Suppose 2*z - 3*a - 31 = -8*a, z = a + 5. Calculate the remainder when b is divided by z.
7
Suppose 5*b + 5*k = 40, 18 + 2 = 2*b + 4*k. Let z(p) = -15*p - 1. Calculate the remainder when z(-2) is divided by b.
5
Let a be (-372)/(-27) + (-4)/(-18). Suppose 4 = 3*v - a. What is the remainder when v is divided by 4?
2
Suppose i = y - i - 2, 7 = 2*y - i. Suppose -y = 2*d, 3*h + 26 = -5*d + 175. Let o(g) = -4*g + 2. What is the remainder when h is divided by o(-4)?
17
Suppose 0 = 3*k + 2*i - 40, -3*k + 6*k = 2*i + 44. Suppose -7*d = 3*n - 2*d - 108, 3*n + 4*d = 111. Calculate the remainder when n is divided by k.
13
Suppose m - 9 = -3*x, -14 = -0*x - 4*x - 2*m. What is the remainder when (392/(-21))/(x/(-6)) is divided by 20?
16
Suppose d = -d + 5*z + 32, -5*d = -3*z - 118. Calculate the remainder when d is divided by 7.
5
Suppose u = 4, -2*u = 2*a - 0*u - 90. Let r be ((-112)/10)/((-4)/20). Suppose -2*k + r = 2*k. Calculate the remainder when a is divided by k.
13
Suppose 4*w = -u + 205, -w + 2*u = -1 - 57. What is the remainder when w is divided by 27?
25
Let t = 13 - 8. What is t